uppose -21423 = -11*h + d. Is h composite?
False
Is (-22)/99 + -14*23758/(-36) a composite number?
False
Let p(f) = -1133*f + 148. Is p(-9) a composite number?
True
Let i(o) be the third derivative of -o**4/8 + 7*o**3/3 + 6*o**2. Let x be i(-7). Suppose -w = -x - 0. Is w a composite number?
True
Let o = 2380 - -2349. Is o composite?
False
Let z(p) = p**3 - 10*p**2 - 11*p + 12. Let k be z(11). Let f(b) = 43*b + 27. Is f(k) composite?
True
Let o(k) = -7*k**3 - k**2 - 7. Let w be o(5). Let q = w - -1556. Is q prime?
False
Suppose -w - 5*o = 24, 0*w - w - 19 = 4*o. Suppose -l + z - 4 = -3, 12 = 4*z. Is (11 + 1391)*w/l a composite number?
False
Let o(l) = 7*l**2 - 8*l**2 - 11 + 3*l + 7*l. Let b be o(8). Suppose -952 = -2*j - b*w, 2353 = 5*j + 2*w - 3*w. Is j prime?
False
Let l(n) = n**2 - 4*n + 12. Let g be l(-9). Suppose w = -4*s + g, 2*s - 5*s - w = -96. Is s composite?
True
Suppose 0 = -5*j + 4*p + 65319, 6*j - 26124 = 4*j - 2*p. Is j composite?
False
Let j(n) = -14*n**3 - 2*n**2 - 2*n - 1. Let w = -6 + 5. Let f be j(w). Suppose -3 + f = y. Is y a prime number?
False
Suppose -5*m = 1211 + 1379. Is 1/((8/m)/(-4)) prime?
False
Let s = 14 + -11. Suppose -s*d = 7 - 16. Suppose 5*t + 4*r - 329 = 0, -d*t + 4*r + 211 = 3*r. Is t composite?
True
Suppose 3739 = 10*m - 29971. Is m prime?
True
Let a be -19 - -17 - (-6 + (-2)/(-2)). Suppose 0 = -a*u + 4*u - 493. Is u a composite number?
True
Let o = 4157 - 689. Suppose o = 5*f + 2*n, 0 = 4*f - 4*n - 583 - 2197. Is f a composite number?
True
Is (8/((-64)/(-94902)))/((-12)/(-16)) a composite number?
False
Suppose -8*f + 7*f - 8 = 0. Let r be (f/(-6))/((-10)/(-15)). Is (-22)/(r/(-52)*4) prime?
False
Suppose 12*l = 52041 + 11595. Is l a prime number?
True
Let k(n) = -4*n**3 - 2*n**2 - 45*n + 4*n**2 + 53*n + 0*n**2 + 13. Is k(-4) composite?
False
Let p(a) = a. Let r be p(-2). Let y(f) be the first derivative of 27*f**3 - f**2/2 + f - 14. Is y(r) a prime number?
False
Let v(m) = 26*m**2 - 2*m + 20. Let k(c) = 78*c**2 - 6*c + 59. Let g(z) = 3*k(z) - 8*v(z). Is g(7) composite?
False
Let c(h) = h**2 - 3*h + 21703. Is c(0) composite?
True
Let r(q) = q**2 + 7*q - 4. Let j be r(-8). Suppose j*s - 1312 = 604. Is s a composite number?
False
Suppose 3*h - 4 = -h. Let z = 6 - h. Suppose z*j + d - 4850 = 0, -4*j + 3*d + 800 + 3099 = 0. Is j a prime number?
True
Let r(b) = -11*b**3 - 3*b**2 - 4*b + 4. Let q be r(-4). Is q + (-4)/3 + (-20)/12 composite?
False
Suppose 5*o + 39 - 14 = 0. Is (o - -1 - -1) + 3105 + -1 prime?
False
Suppose p = 5*o - 20, 0*p = p - 5. Suppose -o*b - 98 = -393. Is b a composite number?
False
Let m be -80*(-3)/3 + -1. Let l(a) = -12*a**2 - 2*a + 10. Let y be l(2). Let x = m + y. Is x composite?
False
Let l be (-30)/10 + -40 + 1. Is (-12)/l + 1578/14 a prime number?
True
Let l = -76 + -143. Let g(m) = 24*m**2 + 2*m + 4. Let a be g(-4). Let h = a + l. Is h composite?
True
Suppose -5*w = 2*v - 6*w - 1048, -4*v = -w - 2092. Suppose 5*z + 3*h - 5761 = 0, -2*h - 625 - v = -z. Is z composite?
False
Let w(l) = 4*l**2 + 1 + 12*l - 4*l + 5*l**2. Let f be w(-8). Is f/(-6)*(-4)/6 prime?
False
Suppose -4*y - 3237 = 7*p - 6*p, -y - 12948 = 4*p. Let f = 4706 + p. Is f composite?
True
Let r(v) = v**3 - 7*v**2 + 6*v - 5. Let h be r(6). Is ((-3)/(-3))/(h/(-14095)) a composite number?
False
Suppose 0 = 7*f - 4*f + 5*d + 4, -d = -4*f - 13. Is 76/4 + (-9)/f composite?
True
Let j = -523 - -132. Let g = -126 - j. Is g a prime number?
False
Let u = -6 - -10. Is 6/u*(-4632)/(-18) prime?
False
Suppose -4532 = -51*g + 47*g. Is g a prime number?
False
Let t(y) = 56*y + 33. Is t(8) prime?
False
Is 11*(4/(-5) + 25683/35) prime?
False
Let r = 1198 + -11. Is r prime?
True
Let m(d) = 72*d**2 - 2. Let w be m(-2). Suppose w = 4*l - 838. Suppose -l = -3*r + 82. Is r prime?
False
Let p = 1405 - 626. Is p a composite number?
True
Let v(x) be the third derivative of -x**6/120 + 13*x**5/60 - x**4/24 + 5*x**3/3 - 14*x**2. Let r be v(13). Is ((-6)/r + 629)/1 a composite number?
False
Let r(s) = -30 + 10 + 11 + 10 - 6936*s. Is r(-1) a prime number?
False
Suppose 2*j - 6 = -4*q, 5*q - 10 = -2*j - j. Let z be -1*(-14 - q) - 1. Is 3920/z - (-1)/3 prime?
False
Let a(n) = n**2 - 3*n + 12394. Is a(0) a composite number?
True
Suppose -117*z - 26322 = -118*z + 5*b, -105312 = -4*z - 4*b. Is z composite?
True
Let w(r) = 148*r**2 - 21*r + 7. Let c be w(-9). Suppose -c = -2*x - 3*x - q, 0 = -3*x - 4*q + 7307. Is x a prime number?
True
Let o(r) = 157*r - 188. Is o(43) prime?
True
Let z = 31 + -28. Suppose -4*r - 3*f + 1588 = 0, -5*r - z*f + 2004 = -4*f. Let x = r + -279. Is x composite?
True
Suppose -5*u + 120970 = 26*d - 21*d, 48381 = 2*u - 5*d. Is u composite?
True
Let g = -1878 + 4991. Is g composite?
True
Let p = 25977 - 16665. Suppose -4*w - p = -4*g, 2*g - w + 2334 = 3*g. Suppose 5*k - g = 374. Is k a prime number?
True
Suppose 3 = 5*p - 2232. Let t be (-2)/(1339/p + -3). Suppose -545 = -3*s - 2*x - 98, -t = -3*s + 3*x. Is s a composite number?
False
Let f(r) = -r**3 - 7*r**2 - 5*r + 8. Let q be f(-6). Suppose -4*z + 3174 = 3*b - z, -q*b - z = -2113. Is b composite?
True
Let s be (32/(-56))/(2/(-7)). Suppose 4*k - s*z - 89 - 2091 = 0, 2*k + 5*z - 1066 = 0. Is k a composite number?
True
Suppose 3*s - 4*s + 993 = 0. Is s prime?
False
Suppose 19*s = -4*s + 340699. Is s prime?
True
Let n = 4409 + 5334. Is n a composite number?
False
Suppose -10*j - 41 = -3431. Let f = j - -224. Is f prime?
True
Is ((-5)/(-3))/(15/305874) a prime number?
False
Let f be -9 + 7 - (-3 - -1). Suppose a + 2088 = -4*t + 4*a, f = 4*a - 16. Let x = t - -1072. Is x a composite number?
True
Let u(h) be the first derivative of 27*h**2 - 12*h - 7. Let f be u(7). Let v = f + -235. Is v composite?
False
Let g(x) = -x + 1. Let u be g(4). Let d be (6 + 3)*(-1)/u. Suppose c - 117 = -b, 8*c + 2*b = d*c + 591. Is c a composite number?
True
Suppose t = 88 + 127. Suppose t = 4*v + 4*z - 93, 0 = -2*v + 4*z + 166. Is v prime?
True
Let r be 7/(14/27)*2. Let x be 4*(-4 + r/6). Suppose 4*b = -4*h + 492, -345 = -3*h + x*b + b. Is h prime?
False
Let y = 61 + -33. Let t = -14 + y. Let k = t - 4. Is k a prime number?
False
Let p(l) = 16*l**2 + 6*l - 13. Is p(8) prime?
False
Let t(h) = -5*h**3 - 1. Let q be t(-1). Suppose 5*o - q*s - 1093 = 0, 0 = 2*o + 5*s + 227 - 651. Is o a prime number?
False
Is 1*(-1)/8 + (-1659592)/(-64) a prime number?
True
Is (-2)/(-15) - (-177690)/450 composite?
True
Is 1649*(3/12)/((-3)/(-12)) composite?
True
Let h be -8 + 0 + 0 + 3. Let b = h + 8. Suppose -p - 4*v = -3*v - 53, 5*p + b*v - 265 = 0. Is p prime?
True
Is ((-26658)/12)/((-15)/20) a prime number?
False
Let n = -4777 - -6906. Is n a composite number?
False
Let b(f) = f**3 - 3*f**2 + 3*f - 2. Let l be b(2). Suppose l = v + 3*v - 40. Is 788/5 - 6/v a prime number?
True
Suppose -4*i + 5*d + 4716 = 0, 0 = -d - 0*d. Suppose 0 = 2*w + 3*r - 1366, 5*w - 2*r - i - 2274 = 0. Is w a composite number?
True
Suppose 200*g = 190*g + 287590. Is g a composite number?
False
Suppose 2*p - 4*l - 45890 = 0, -4*l - 36135 + 13196 = -p. Is p a composite number?
True
Let u = 697 - -484. Is u a prime number?
True
Suppose 0*m + 28725 = 5*m. Let k = m - 3564. Is k prime?
False
Let v be ((-2)/5)/(6/(-180)). Suppose 0 = -3*a - 6 + v. Suppose 3*k - 109 = 4*d, 2*k = -k - a*d + 85. Is k a prime number?
True
Let r(i) be the third derivative of -3*i**4/4 - 2*i**2. Let b be r(-1). Let h = b + -8. Is h prime?
False
Is -3 + (21030/(-3))/(-5) composite?
False
Let h = 1008 - 289. Is h a composite number?
False
Let z = -189 + 1586. Is z a prime number?
False
Suppose -3*c = -0*m - 4*m + 15464, 0 = 4*m - 2*c - 15460. Is m composite?
False
Let m(t) = 206*t - 50. Let h(b) = -8*b - 11*b + 10 - 22*b. Let v(l) = -11*h(l) - 2*m(l). Is v(9) a prime number?
False
Let c be (-3 + -3)*(-37344)/9. Suppose 10*s + 6726 = c. Is s composite?
True
Let x = -47 + 39. Is 5994/4 + (-4)/x prime?
True
Is 40380/8*(-16)/(-24) prime?
False
Suppose -4*c + 4 = 0, -3*c = 3*j - 0*j - 9. Let q be j/(-1 - (-1)/(-1)). Is 18 - q/(-1)*-3 composite?
True
Let c(p) = -p + 8. Let l be c(16). Let w be (778/8)/((-2)/l). Suppose w = 2*u + 135. Is u a composite number?
False
Suppose 2*f + 0 - 10 = 0. Suppose -3519 = -5*b + o + 5117, -b + f*o = -1732. Is b a prime number?
False
Let h(c) = 12*c 